{"id":245,"date":"2022-02-21T18:42:33","date_gmt":"2022-02-21T18:42:33","guid":{"rendered":"https:\/\/cdagroup.com.mx\/?post_type=product&#038;p=245"},"modified":"2022-03-07T19:14:12","modified_gmt":"2022-03-07T19:14:12","slug":"color-endurecedor","status":"publish","type":"product","link":"https:\/\/cdagroup.com.mx\/?product=color-endurecedor","title":{"rendered":"Color Endurecedor"},"content":{"rendered":"<p>&nbsp;<\/p>\n<p><strong>PRINCIPALES CARACTER\u00cdSTICAS<\/strong><br \/>\nEl COLOR ENDURECEDOR CDA esta dise\u00f1ado para resistir en obras con alto tr\u00e1fico peatonal y vehicular proporcionando mayor dureza en la superficie.<br \/>\nResistente a desgaste de color por rayos UV y cambios extremos de temperatura.<br \/>\nFacilidad en la aplicaci\u00f3n proporcionando colores que armonizan con el entorno de la obra.<\/p>\n<p>&nbsp;<\/p>\n<p><strong>INSTRUCCIONES PARA SU INSTALACI\u00d3N<\/strong><\/p>\n<ol>\n<li>Observar en todo momento las medidas de seguridad y protecci\u00f3n personal como el uso de Mascarillas para el personal de aplicaci\u00f3n del material ya que se trata de material muy vol\u00e1til para<br \/>\nevitar ser aspirados y cause molestias en el sistema respiratorio.<\/li>\n<li>Preparar la superficie debidamente compactada, nivelada y cimbrada para colar el concreto.<\/li>\n<li>Verter el concreto sobre la superficie y la malla electro-soldada (si la obra la requiere), permitir que la loza de concreto \u201csude\u201d y desaparezca el agua de la superficie. El espesor, revenimiento, resistencia, fibra, etc. no interfieren con las propiedades del producto.<\/li>\n<li>Una vez que el concreto ya sud\u00f3, aplicar el Color a mano espolvore\u00e1ndolo a raz\u00f3n de 2 a 3 kg\/m\u00b2 uniformemente sobre toda la superficie en 2 capas; en la primer capa se cubre el 75 % del \u00e1rea.<br \/>\nIntegrar el color en toda el \u00e1rea con llana o flota met\u00e1lica, luego se aplica la segunda mano espolvoreando el material con mayor \u00e9nfasis en los lugares que demuestren que en la primer mano quedaron pobres de pigmentaci\u00f3n volviendo a integrarlo con llana o flota met\u00e1lica seg\u00fan el requerimiento de la obra.<\/li>\n<\/ol>\n<p>&nbsp;<\/p>\n<p><strong>PRESENTACI\u00d3N Y RENDIMIENTO<\/strong><br \/>\nSaco o Cubeta con 27 Kg.<br \/>\nRinde 10 m\u00b2 en promedio seg\u00fan el color aplicado en 2 capas a raz\u00f3n de 2 a 3 kg por m\u00b2<\/p>\n<p>&nbsp;<\/p>\n<p><strong>ALMACENAMIENTO<\/strong><br \/>\nSe recomienda almacenarlo en un lugar fresco y seco ya que contiene elementos cementantes. Mantenerlo siempre en su envase original bien cerrado y sin da\u00f1os visibles del mismo para evitar el ingreso de humedad.<\/p>\n<p>El COLOR ENDURECEDOR CDA tiene un vida \u00fatil de almacenamiento de hasta 18 meses permaneciendo perfectamente cerrado y en su envase original.<\/p>\n<p>&nbsp;<\/p>\n<p><strong>PRECAUCIONES Y RECOMENDACIONES<\/strong><br \/>\nEl material puede causar irritaci\u00f3n en los ojos y la piel. En caso de contacto con los ojos, enjuagarse con abundante agua limpia y acudir con el m\u00e9dico de inmediato. No dejarse al alcance de los ni\u00f1os.<\/p>\n<p>El Color Endurecedor CDA es un producto Listo para Usarse, no a\u00f1adir cemento, arenas u otros agregados.<br \/>\nProducto NO FLAMABLE.<\/p>\n<p>Uso de protecci\u00f3n personal como Guantes y Lentes de seguridad.<\/p>\n","protected":false},"excerpt":{"rendered":"<p>&nbsp;<\/p>\n<hr \/>\n<p>Es una mezcla de materiales minerales no met\u00e1licos, cementantes,<br \/>\npigmentos colorantes y aditivos qu\u00edmicos que aumentan sus propiedades hidrof\u00edlicas y protegen la degradaci\u00f3n del color por rayos ultravioleta.<\/p>\n<p>&nbsp;<\/p>\n<p><strong>USOS<\/strong><br \/>\nEste producto ha sido dise\u00f1ado y formulado para utilizarse en superficies horizontales de concreto donde se requiere dar un acabado con color y durabilidad superiores. Apto para lugares como Plazas Comerciales, Calles, Andadores, Estacionamientos, Patios, etc.<\/p>\n<p>&nbsp;<\/p>\n<p>&nbsp;<\/p>\n","protected":false},"featured_media":380,"template":"","meta":{"spay_email":""},"product_cat":[19],"product_tag":[],"class_list":{"0":"post-245","1":"product","2":"type-product","3":"status-publish","4":"has-post-thumbnail","6":"product_cat-sistema-de-concreto-estampado","8":"first","9":"instock","10":"shipping-taxable","11":"product-type-simple"},"_links":{"self":[{"href":"https:\/\/cdagroup.com.mx\/index.php?rest_route=\/wp\/v2\/product\/245","targetHints":{"allow":["GET"]}}],"collection":[{"href":"https:\/\/cdagroup.com.mx\/index.php?rest_route=\/wp\/v2\/product"}],"about":[{"href":"https:\/\/cdagroup.com.mx\/index.php?rest_route=\/wp\/v2\/types\/product"}],"wp:featuredmedia":[{"embeddable":true,"href":"https:\/\/cdagroup.com.mx\/index.php?rest_route=\/wp\/v2\/media\/380"}],"wp:attachment":[{"href":"https:\/\/cdagroup.com.mx\/index.php?rest_route=%2Fwp%2Fv2%2Fmedia&parent=245"}],"wp:term":[{"taxonomy":"product_cat","embeddable":true,"href":"https:\/\/cdagroup.com.mx\/index.php?rest_route=%2Fwp%2Fv2%2Fproduct_cat&post=245"},{"taxonomy":"product_tag","embeddable":true,"href":"https:\/\/cdagroup.com.mx\/index.php?rest_route=%2Fwp%2Fv2%2Fproduct_tag&post=245"}],"curies":[{"name":"wp","href":"https:\/\/api.w.org\/{rel}","templated":true}]}}